0111
In base 2, what is -101110 + -101?
-110011
In base 16, what is 23 + 0?
23
In base 9, what is 5 + 4?
10
In base 15, what is 7 + -50?
-48
In base 9, what is -4 + -11?
-15
In base 13, what is -26 - -5?
-21
In base 3, what is 101102 + -11?
101021
In base 12, what is -109b + 3?
-1098
In base 4, what is -10 + 1210?
1200
In base 15, what is 5 + da3?
da8
In base 9, what is -6 - -2?
-4
In base 9, what is -4 + -7?
-12
In base 9, what is -1 - 208?
-210
In base 7, what is -13 + 345?
332
In base 2, what is -101 - -101110?
101001
In base 5, what is 10 - 111230?
-111220
In base 4, what is 3 - -1003111?
1003120
In base 11, what is -63 + 4?
-5a
In base 12, what is -a83 - -5?
-a7a
In base 10, what is -35198 + 4?
-35194
In base 2, what is -1010100 + 0?
-1010100
In base 15, what is 5 - 61?
-5b
In base 12, what is -43 + 27?
-18
In base 6, what is 1203420 + 1?
1203421
In base 5, what is 2 - -322?
324
In base 11, what is 4 - -320?
324
In base 3, what is -10 + -21001102?
-21001112
In base 15, what is -8 + c?
4
In base 3, what is -100 + -101?
-201
In base 6, what is -125 + 1?
-124
In base 9, what is -1006 + 14?
-882
In base 5, what is -1 + 3413?
3412
In base 8, what is 2 - 51?
-47
In base 7, what is -14 + 100?
53
In base 6, what is -1030 - -13?
-1013
In base 8, what is 2 + 653?
655
In base 11, what is 319 - 5?
314
In base 5, what is -44 - 424?
-1023
In base 13, what is 4bc - 2?
4ba
In base 13, what is 37 - 1c?
18
In base 9, what is 411 + 3?
414
In base 11, what is 55 - 19?
37
In base 4, what is -21 - 1030?
-1111
In base 8, what is -722 - -15?
-705
In base 14, what is 3 + -2a8?
-2a5
In base 10, what is 5 - 763?
-758
In base 9, what is -44 - -1?
-43
In base 9, what is 12 - -377?
400
In base 14, what is -2c - 18?
-46
In base 5, what is -20 + -3301?
-3321
In base 15, what is -48 - -151?
108
In base 14, what is ab - 6?
a5
In base 8, what is -12005 - -1?
-12004
In base 8, what is 4637 - 3?
4634
In base 16, what is -4e + 4?
-4a
In base 12, what is 141 + -8?
135
In base 7, what is 106 + 34?
143
In base 16, what is -157 - -4?
-153
In base 2, what is 1 + -100000?
-11111
In base 6, what is -4 - -10?
2
In base 2, what is 1110001 + -1?
1110000
In base 9, what is -25 + -43?
-68
In base 12, what is 2 + 11a?
120
In base 12, what is 3 + -1217?
-1214
In base 10, what is 1720 + 1?
1721
In base 15, what is -112 + -6?
-118
In base 10, what is 10 - -1101?
1111
In base 9, what is -5 - -3848?
3843
In base 6, what is 1511 + 3?
1514
In base 12, what is 68 - -2?
6a
In base 14, what is -65a + 5?
-655
In base 9, what is 28 + 25?
54
In base 14, what is 1623 + -4?
161d
In base 10, what is -62 - 69?
-131
In base 4, what is 3 + -10011?
-10002
In base 12, what is 5 - 3?
2
In base 12, what is -27 - b7?
-122
In base 5, what is -332301 + 4?
-332242
In base 12, what is -3 - -97?
94
In base 6, what is 25 + -420?
-351
In base 2, what is -10001 + -101?
-10110
In base 3, what is -12 + -2100002?
-2100021
In base 11, what is 119 + -7?
112
In base 14, what is -b2a + -4?
-b30
In base 13, what is -2a + -140?
-16a
In base 8, what is 43 + 136?
201
In base 13, what is 208 - -1?
209
In base 3, what is -20 + 202?
112
In base 4, what is 200301 - -12?
200313
In base 6, what is 12 + -101?
-45
In base 15, what is -77 - 0?
-77
In base 10, what is 517 - -2?
519
In base 4, what is -3101 + 3?
-3032
In base 11, what is 316 - -38?
353
In base 15, what is 0 - -7?
7
In base 5, what is 3214 - 1?
3213
In base 13, what is -2 - 124?
-126
In base 6, what is -5 - 151?
-200
In base 6, what is -345 + -423?
-1212
In base 5, what is -4 - -10?
1
In base 3, what is -1210 + -2?
-1212
In base 16, what is 116 + -c?
10a
In base 9, what is 2774 + -1?
2773
In base 3, what is -10 + -111?
-121
In base 11, what is -4 - -88?
84
In base 4, what is -2 - -1003?
1001
In base 8, what is -3 - -4?
1
In base 11, what is -1 + -81?
-82
In base 16, what is -40 + -2?
-42
In base 10, what is 0 - 167?
-167
In base 8, what is -50503 + -4?
-50507
In base 5, what is 1330400 - -4?
1330404
In base 3, what is 1010 - -1011?
2021
In base 7, what is -4 + -32?
-36
In base 6, what is 3 + -424?
-421
In base 12, what is 0 - -2323?
2323
In base 13, what is 0 - 48?
-48
In base 15, what is 51 - -3?
54
In base 3, what is 2 - 122202?
-122200
In base 7, what is 201 - 450?
-246
In base 11, what is 2 - -35?
37
In base 6, what is -3 + -3014?
-3021
In base 5, what is -14414 + -2?
-14421
In base 8, what is 1 + 114?
115
In base 5, what is -2 - -11020?
11013
In base 7, what is 106 + -60?
16
In base 3, what is 11220020 + 12?
11220102
In base 6, what is -102 - 2?
-104
In base 2, what is 11001 + -11100101?
-11001100
In base 9, what is -20 + -22?
-42
In base 2, what is -10101101000010 + -11?
-10101101000101
In base 3, what is -11 - 101011?
-101022
In base 3, what is -201 + -122?
-1100
In base 15, what is 24 + 4?
28
In base 6, what is 4 + -14?
-10
In base 4, what is -3 - 110?
-113
In base 13, what is -16 + -6?
-1c
In base 2, what is 101 + -110001101?
-110001000
In base 10, what is 496 + 5?
501
In base 5, what is 100043 - -2?
100100
In base 4, what is 20 + 20?
100
In base 5, what is 33142 + -2?
33140
In base 13, what is 1b6 + -5?
1b1
In base 5, what is 12 + 41?
103
In base 8, what is -4 - -210?
204
In base 12, what is 6b18 + 5?
6b21
In base 10, what is 7 - 46?
-39
In base 7, what is 14 + -36?
-22
In base 8, what is -6 + 211?
203
In base 16, what is 1218 + 4?
121c
In base 13, what is 5 - -2910?
2915
In base 15, what is 1d8 - -4?
1dc
In base 12, what is -5 + 11?
8
In base 9, what is -1770 - 4?
-1774
In base 15, what is -4 + -72?
-76
In base 15, what is -8d7 + 4?
-8d3
In base 10, what is -14 + 5?
-9
In base 15, what is -35 + 5?
-30
In base 4, what is 1032 + -2?
1030
In base 12, what is 2 - -9b?
a1
In base 10, what is -258 - -4?
-254
In base 15, what is 7be + -5?
7b9
In base 2, what is 1111 - 11?
1100
In base 16, what is 5 + 2151?
2156
In base 14, what is -20 - -10?
-10
In base 9, what is -2 + 24?
22
In base 10, what is -929 - -5?
-924
In base 5, what is 0 + 143324?
143324
In base 2, what is 0 + -11100011110?
-11100011110
In base 7, what is -3121 - -3?
-3115
In base 15, what is 1 + 139?
13a
In base 7, what is -102 - 0?
-102
In base 14, what is -1a + -8c?
-a8
In base 15, what is -38 - 19?
-52
In base 14, what is 86 - -5?
8b
In base 2, what is -10001 + 101100?
11011
In base 4, what is -110003 - 13?
-110022
In base 15, what is -145d - -5?
-1458
In base 6, what is -135 + 102?
-33
In base 15, what is -49 + -5?
-4e
In base 5, what is 1 + 10023?
10024
In base 4, what is 21 + -3?
12
In base 5, what is -114 - 12?
-131
In base 11, what is 208 - -5?
212
In base 7, what is 0 + -512?
-512
In base 16, what is -2d - -8?
-25
In base 2, what is -111000010 + -101?
-111000111
In base 9, what is 20810 - -3?
20813
In base 12, what is 1694 + -1?
1693
In base 11, what is -15 + -50?
-65
In base 11, what is 10 + -35?
-25
In base 9, what is -177 + -4?
-182
In base 15, what is 67 - 2?
65
In base 9, what is 124 - -160?
284
In base 3, what is 210111 - 11?
210100
In base 13, what is -26 - -1b?
-8
In base 10, what is -723 - -5?
-718
In base 2, what is -11011 - -101111101?
101100010
In base 14, what is -4 + 51?
4b
In base 16, what is 1d - -12b?
148
In base 14, what is -91 - -5?
-8a
In base 4, what is 0 - 332?
-332
In base 7, what is -5 - 202?
-210
In base 9, what is 3 - 1042?
-1038
In base 5, what is 10 - -21230?
21240
In base 16, what is 154b - -5?
1550
In base 5, what is 1 - -2112?
2113
In base 14, what is c3 + -2?
c1
In base 14, what is -7d - 5?
-84
In base 3, what is 120002 + -10?
112222
In base 10, what is 5 - 92?
-87
In base 4, what is 1 + 220330?
220331
In base 11, what is -3 - 35?
-38
In base 7, what is -134 + -13?
-150
In base 8, what is -104 + -16?
-122
In base 6, what is 2324 - -13?
2341
In base 3, what is 1 + 1221?
1222
In base 8, what is 5 - 6755?
-6750
In base 6, what is -104255 - -3?
-104252
In base 9, what is -3 - -584?
581
In base 9, what is -3517 - 3?
-3521
In base 13, what is 2 - 227?
-225
In base 3, what is 22 - 2021?
-1222
In base 3, what is -10120 - 2?
-10122
In base 13, what is -13 - -199?
186
In base 7, what is -216 + 1?
-215
In base 15, what is 96 + 3?
99
In base 8, what is -14 - 106?
-122
In base 8, what is -35660 - 3?
-35663
In base 4, what is 1 + 101332?
101333
In base 10, what is 247 + -4?
243
